v?
9
Let u = 190 - 181. Let k = -310 + 197. Let h = -77 - k. Calculate the greatest common factor of h and u.
9
Let j(f) = -f**2 + f + 1. Let d(y) = 7*y**2 + 2*y - 10. Let u(q) = -d(q) - 6*j(q). Let n be u(-6). Calculate the highest common factor of n and 8.
8
Suppose -t - 51 = p + 4*t, -p = -5*t + 1. Let q = p - -61. Let b = 2 + 3. What is the greatest common divisor of b and q?
5
Suppose -z = 3*z - 44. Let a = -27 - -38. Calculate the greatest common divisor of z and a.
11
Suppose -5*y = -4*x - 2 - 33, 3*y + 4*x = -11. Suppose 2*h - 3*r = y*h - 42, -h - 5*r = -42. Calculate the highest common divisor of h and 28.
14
Suppose -2 + 22 = 4*o. Calculate the highest common divisor of o and 40.
5
Let j = 22 + -28. Let s(f) = -f**3 - 5*f**2 - 10*f - 8. Let p be s(j). Calculate the greatest common factor of p and 8.
8
Let z(f) = -f + 10. Let p be z(11). Let d = 8 + p. What is the highest common divisor of 77 and d?
7
Suppose -96 = -3*b - 45. Calculate the highest common divisor of b and 17.
17
Let p(i) = -i + 31. Let o be p(16). Calculate the greatest common divisor of 165 and o.
15
Let x(j) = -j - 2. Let q be x(-2). Suppose q = -4*z + 16 + 16. Suppose -5*h + 2*h = 3*o - 24, 4*h = 0. What is the highest common divisor of o and z?
8
Suppose 3*k - v = 629, 6*v - 412 = -2*k + 3*v. What is the greatest common factor of 19 and k?
19
Suppose -2*n = -5*n - 4*w + 41, 5*n + 4*w = 79. What is the greatest common divisor of n and 76?
19
Suppose 3*p + 23 = 5. Let o be -2 - (-3)/(p/(-2)). Let d be (-8 + 4)*(o - 1). What is the greatest common divisor of d and 72?
8
Let r(i) = i - 2. Let m be r(12). Suppose -5 + m = u. Let p(z) = -z**2 + 9*z + 7. Let y be p(8). What is the greatest common factor of u and y?
5
Suppose 0 = -0*b + b + 2*f - 12, 3*b - 41 = -5*f. Let m = b - -7. What is the greatest common factor of m and 29?
29
Let w(d) = 5*d**2 + 4*d - 5. Let s be w(5). Let k = 76 - 56. What is the greatest common divisor of k and s?
20
Let i be (-4)/5*(-135)/2. Suppose 2*b = -4*d + 4*b + 82, -2*b - 64 = -3*d. Let h be 318/d - 1/(-3). What is the greatest common factor of i and h?
18
Let n = -2 + 4. Suppose -80 = -n*b + 6*b. Let t = -11 - b. What is the greatest common divisor of t and 45?
9
Suppose c = h + 15, -51 = -2*c - c - 3*h. What is the highest common factor of 2 and c?
2
Suppose 2*x = 6*x. Suppose x = -2*d + 11 + 17. Calculate the highest common divisor of d and 112.
14
Let y be (3 - 1)/(3/30). What is the highest common factor of y and 60?
20
Suppose 25 = -54*v + 55*v. What is the greatest common factor of v and 275?
25
Let w be 2/(4/(-14) - (-38)/84). What is the highest common divisor of w and 30?
6
Let q be (-78 + 9 + -5)*(-5)/10. Suppose 1478 = 5*b + 2*t, 533 = -4*b + 4*t + 1721. What is the highest common factor of b and q?
37
Suppose 2*l - 4*t - 71 + 7 = 0, 3*l = 4*t + 86. Calculate the greatest common factor of 22 and l.
22
Let o(j) = j - 2. Let g be o(7). Suppose -f = -g*l - 2*f + 15, 4*l + 4*f = 12. Suppose l*a - 7 = 2. Calculate the greatest common divisor of 15 and a.
3
Let y be 148/14 + 1/((-14)/(-6)). Calculate the highest common divisor of 22 and y.
11
Let f be 108 + 0*(-1)/(-1 + -1). What is the greatest common divisor of f and 72?
36
Let y(g) = -g**2 - 12*g - 15. Let h be y(-10). Let t = -1 + h. What is the highest common divisor of 24 and t?
4
Let a(f) = 50*f + 1. Let t be a(1). Calculate the greatest common factor of t and 34.
17
Suppose t + 109 = 4*i, -5*t + 2*t = -5*i + 138. Let b(x) = 13*x**2 - 3*x. Let s be b(3). Calculate the highest common factor of s and i.
27
Let w = -101 - -136. Suppose -3*t - 13 = -2*z, 25 = 5*z + 3*t + 3. Calculate the highest common divisor of z and w.
5
Let n(k) = -k**3 + 5*k**2 + 8*k - 8. Let o be n(6). Let x be 16/(3 + (-5)/2). What is the highest common factor of x and o?
4
Suppose 42 = 3*a - 3. What is the highest common factor of 90 and a?
15
Let x = 3 + -1. Let t be 120/28 - (-4)/(-14). Suppose t*g + 16 = 5*g. What is the greatest common divisor of x and g?
2
Suppose 2*m - 361 = k + 125, k = -4*m + 978. Let x = 345 - m. Suppose -5*b - 3*i = -396 + x, 0 = -b + 4*i + 36. What is the greatest common divisor of 8 and b?
8
Suppose 4*g + 5*x = g - 52, -4*g = 4*x + 72. Let o = g - -46. Suppose 963 = 5*v - o. Calculate the greatest common divisor of v and 18.
18
Suppose -6 = d - 21. Let m be 88 + (-3 - d/(-3)). What is the highest common factor of 18 and m?
18
Let h(t) = -t**2 + 5. Let x be h(0). Suppose 93 = w - 2*d, 5*d + 190 = -3*w + x*w. Let v be (35 + -1)/(6/3). What is the greatest common divisor of w and v?
17
Let r(w) = w**2 - 5*w + 5. Let m be r(5). Let b = -91 + 135. Suppose m*h - b = h. Calculate the greatest common divisor of h and 33.
11
Let d = -39 + 94. Calculate the greatest common factor of d and 22.
11
Suppose -7*k = -8*k + 154. Calculate the greatest common factor of k and 14.
14
Let p(w) = -w**2 + 8*w - 8. Let r be p(6). Suppose r*k + 152 = 5*n, -4*k + k + 75 = 3*n. What is the highest common factor of 4 and n?
4
Let s(h) = h**2 + h + 2. Let b be s(-2). Let c be (b/4)/((-3)/(-45)). Calculate the greatest common divisor of 6 and c.
3
Suppose 5*i - 5*c - 3 - 17 = 0, 8 = -2*i - 2*c. Let r = 3 - i. Suppose r*a - 20 = a. What is the highest common divisor of 90 and a?
10
Suppose s - 36 = -2*s. Suppose h + 476 = 5*r, 5*h = -3*r - 0*r + 308. Calculate the greatest common divisor of s and r.
12
Let d be 48 + 0/(1 + 1). Suppose 3*u - 3*i - d = 12, -4*u - i + 85 = 0. Calculate the highest common factor of u and 21.
21
Let y = 42 + -24. Suppose 9*z - 8*z - 324 = 0. Suppose i + i - z = 0. What is the greatest common divisor of i and y?
18
Let z = 16 + -16. Suppose z = -b + 3*b - 14. What is the highest common divisor of b and 1?
1
Suppose -9*h + 12 = -6*h. Suppose -144 = -6*i + h*i. Calculate the greatest common factor of 24 and i.
24
Suppose -96 = -2*t + 4. What is the greatest common divisor of t and 10?
10
Suppose -5*j + 18 = 3. Let c(g) = -g**2 + 6*g. Let m be c(j). Let z = 3 + -2. Calculate the highest common factor of z and m.
1
Suppose 34 = 4*f - v, 17 = -5*f + 3*v + 63. Let p = f + 5. What is the greatest common factor of p and 91?
13
Let b = 44 - 18. Calculate the greatest common divisor of 39 and b.
13
Suppose 4 = -2*v, 3*v - 8 = 5*x + 2*v. Let z be (1 + x)/(1/19). Let p = 67 + z. Calculate the greatest common factor of 12 and p.
12
Let n = 95 + -72. Calculate the greatest common divisor of 161 and n.
23
Let z(c) be the third derivative of -c**5/60 + c**4/4 - 2*c**3/3 - 4*c**2. Let k be z(4). What is the highest common factor of k and 20?
4
Let r(h) = 3*h**3 - h. Let t be r(1). Let p be (-2 - 0 - 0)/t. Let j be (-3 + 0)*p*3. Calculate the highest common divisor of j and 81.
9
Suppose 4*z + 89 + 167 = 0. Let n be (z/20)/(1/(-5)). What is the highest common divisor of 32 and n?
16
Suppose 2*c + 2*c + 4 = 0, -2*v + c = -1. Suppose v = -4*o + 6*o - 16. What is the greatest common divisor of 20 and o?
4
Let s(d) = 3*d**2 - 8. Let t be s(-4). Calculate the highest common divisor of t and 8.
8
Suppose 5*g - 8 = g. Let k = g - -5. Calculate the highest common divisor of 7 and k.
7
Let j be (-3)/(-2) - (-180)/8. Suppose -m - 3*m = -j. Calculate the greatest common factor of 66 and m.
6
Suppose -5*p = -15 + 5. Suppose y + p*y = 45. Let t = 16 + -1. What is the highest common divisor of y and t?
15
Let y be (3 - (-19 + 4))*(-28)/(-6). Let h be ((-8)/6)/(2/(-18)). Calculate the greatest common divisor of y and h.
12
Let r be 15/(-1) - (-3 + 3). Let p be (-2397)/r - (-2)/10. Let x be (-2)/(-7) - p/(-28). Calculate the highest common divisor of x and 48.
6
Let j be -7 + 19 - (3 + -4). Suppose 4*a = a. Suppose v + p - 60 = a, -v - 3*p = 2 - 52. What is the greatest common factor of j and v?
13
Suppose -w + 2 = -0*w. What is the highest common factor of w and 4?
2
Let b be (3/3)/((-5)/(-65 + 0)). Calculate the highest common factor of b and 13.
13
Let l = 75 - 60. What is the greatest common factor of 10 and l?
5
Suppose -12 = 5*k - 7. Let y be (20/(-12))/(k/6). Calculate the greatest common divisor of 10 and y.
10
Let j be 2/4 + (-18)/(-4). Suppose 2*c = -3*f - 0*c + 55, -4*c = 2*f - 50. Calculate the highest common factor of j and f.
5
Suppose -2*p - 2*o + o + 10 = 0, 0 = p + 3*o. Calculate the greatest